 5*p - 1. Give k(o).
3
Let t = -11 - -30. Suppose -3*l - t = -7. Let v(k) be the third derivative of k**4/12 + k**3/3 - k**2. Calculate v(l).
-6
Let q(a) = -2*a - 4. Let c be ((-6)/4)/(29/116). Determine q(c).
8
Suppose 0 = 2*p + 9*p - 11. Let m(x) = 4*x. Determine m(p).
4
Let h(i) = i**2 - 2*i + 9 + i + 8*i + 0*i**2. Calculate h(-6).
3
Let h(y) be the first derivative of -15*y**2/2 + 7*y + 2. Let t(f) = -8*f + 4. Let u(w) = -4*h(w) + 7*t(w). What is u(1)?
4
Let v(r) = -3*r**2 + 3*r. Let j be 0 + -2 + 2 + 1. Let p = j + 2. Let y = p - 1. Calculate v(y).
-6
Let w(k) = 4*k - k - 2*k - 33 + 28. Calculate w(6).
1
Let h(r) = -r**2 - 3*r + 5. Let u = 13 + -9. Let k(d) = d + 1. Let s be k(u). Suppose s = -0*n - n. Determine h(n).
-5
Let y(f) = f - 2. Let j(s) = -s**3 - 8*s**2 + s + 13. Let v be j(-8). Calculate y(v).
3
Let j(i) = 3 + 2*i**3 + 6*i - 5*i - i**2 - i**3. Determine j(0).
3
Let n(m) = m + 5. Suppose -b + 5*g + 17 = -4*b, -1 = -5*b - g. Let x be 2 - -2 - (b - 1). Suppose 5*v - 8 = -2*h, 2*v + x*h = -h + 20. What is n(v)?
5
Let x(z) = z - 1. Let r be x(4). Let b(d) be the third derivative of 7/24*d**4 - 2/3*d**3 - 1/60*d**5 + 0*d + 3*d**2 + 0. What is b(r)?
8
Let x(h) = 4*h**2 - 9*h - 1 + 3*h + 5*h. What is x(-1)?
4
Let v = 89 + -92. Let a(o) = -o**2 - 3*o + 1. Give a(v).
1
Let f be (-2)/13 - (-819)/(-169). Let x(h) = -h**3 - 5*h**2 + h + 3. Calculate x(f).
-2
Let b(l) = -2*l - 10. Let p(t) = -t - 3. Let z be p(4). Let k be b(z). Let h = 1 + k. Let q(c) = -c + 1. Calculate q(h).
-4
Let f(o) = 10*o + 7. Let r(v) = 19*v + 13. Let k(a) = 11*f(a) - 6*r(a). Calculate k(-2).
7
Let s(p) = -p**3 + 2*p**2 + 5*p - 3. Suppose l - 11 = -5*o, 0*l - 5*l = -2*o + 26. Calculate s(o).
3
Let t(m) be the second derivative of m**3/6 - m**2/2 + 4*m. Suppose 2*u = -2, w + 5 - 6 = -5*u. Let h = w - 7. Determine t(h).
-2
Let d(j) = j - 6. Suppose 23 - 3 = 4*m. Let w be d(m). Let c be -2 + (2 + w)*0. Let u(a) = -2*a**2 - 4*a - 3. Determine u(c).
-3
Let b(u) = u**3 + 4*u**2 + 3. Let k = -10 - -6. Let n be b(k). Let f(o) = -o**3 + 4*o**2 - 2*o - 1. Determine f(n).
2
Let q(w) = 8*w**2 - 3*w + 2. Let y be q(1). Let d(u) = -u**2 - 5 + 0 + 2*u**2 - 2*u**2 + y*u. Give d(6).
1
Let o(r) be the third derivative of r**5/30 - r**4/24 + r**3/6 + r**2. Let b be (-2)/4 - 2/(-4). Suppose 4*d = b, -3*t + 6 = -d - d. Give o(t).
7
Let d(n) = 6 - 3*n**2 - n**2 + 8*n**2 + 8*n - 3*n**2. What is d(-6)?
-6
Let f be 22/12 + 2*3/(-6). Let y(d) be the second derivative of -3*d + 1/12*d**4 + f*d**3 + 0 + 1/2*d**2. Calculate y(-4).
-3
Let a(y) = 6*y**2 - 1. Suppose 1 = -5*v + 6. What is a(v)?
5
Let s(j) be the third derivative of -j**8/20160 + j**7/1260 + j**6/720 - j**5/60 + 4*j**2. Let c(g) be the third derivative of s(g). Determine c(4).
1
Let y(o) = -2 - 2*o**2 + 4 + 0 + o**3 - 5*o + 1. Let t be y(3). Let r(v) = v**3 + 4*v**2. Determine r(t).
9
Let f = -4 - -1. Let p be (-1)/f - 20/6. Let j(m) = m**3 + 0 + 10*m**2 - m + 4 - 8*m**2 - 2. Calculate j(p).
-4
Let l(w) = w**3 + 4*w**2 - w - 2. Let k(b) = -b**2 + 5*b - 2. Let g be k(4). Suppose -2*a = g*a - 20. Let j = 1 - a. Calculate l(j).
2
Let h(v) = v + 1. Let g(n) = n**3 + 3*n**2 - 2*n. Let x be g(-3). Let p be (-4)/(3/(x/(-4))). Suppose 4*y + 16 = -p*o, 5*o + 13 - 3 = -4*y. Determine h(o).
3
Let a(f) = -f**3 - 3*f**2 + 5*f - 8. Let w(h) = -3*h**3 - 5*h**2 + 9*h - 17. Let s(k) = -5*a(k) + 2*w(k). Give s(4).
-6
Let r(h) = -h + 9 + 10 - 8. Let j(l) = -7*l + 1. Let s be j(-1). Let g be (6/8)/(1/s). Calculate r(g).
5
Suppose 5*u + 14 = -4*d + d, -5*d - 4*u - 6 = 0. Let s(w) = 3*w**3 + 0*w**d + 2*w**2 - 2 - 2*w**3 - 2*w. Let z be -1 - (0/1 - -2). Calculate s(z).
-5
Let w(u) = u**3 + 3*u**2 + u + 1. Let t be w(-2). Let i(x) = x**2 - x**2 - 2 - 4*x**2 + x + 5*x**2 - x**t. What is i(0)?
-2
Let h(v) = -3*v + 8. Let b(p) = -p + 1. Let x(d) = -b(d) - h(d). Let c(f) = -2*f + 5. Let r(l) = 7*c(l) + 4*x(l). What is r(-2)?
-5
Suppose -5*p - 4*k = 75, 0 = 5*p + 3*k - 22 + 92. Let i(w) = w**3 + 12*w**2 + 12*w + 5. Give i(p).
-6
Let s(x) be the third derivative of 7*x**5/60 - x**3/6 - x**2. Let l(n) = -n + 11. Let d be l(8). Let r(q) = q**2 - 2*q - 4. Let j be r(d). Give s(j).
6
Let g be 12/(-2)*7/14. Let t(x) = -x - 2. Let l be t(g). Let h(z) = -2 + 1 + l - 7 - z. Give h(-6).
-1
Let n be (-6 - -4) + (-1 - -3). Let o(y) = 4*y**2 - 5 + 0*y**2 - 3*y**2 + 0*y**2. Give o(n).
-5
Let l(c) = 9*c**2 + 1. Let q = 2 + 6. Suppose 0 = 5*h - 2*a - 26, -q*a - 27 = -3*h - 3*a. Suppose 4*z - d - 6 = 3*z, 0 = h*z + 2*d + 6. Calculate l(z).
10
Let g(n) be the first derivative of n**4/4 + 2*n**3 - n - 2. Calculate g(-6).
-1
Let j(m) = -m + 4. Let t be j(0). Let r(n) = -4 + t - n. What is r(0)?
0
Let h(b) = b**3 - 5*b**2 - 7*b + 8. Let k be h(6). Let p(o) = 2*o + 2. Let m(f) = -2*f - 1. Let v(t) = -5*m(t) - 4*p(t). What is v(k)?
1
Let i be ((-1 - 1) + 3)*-18. Let z be 0/((i/(-3))/(-3)). Let v(k) = -k**3 - k**2 + 3. Calculate v(z).
3
Let l = 2 - 3. Let a(k) = 7*k + 1. Determine a(l).
-6
Let i(m) = -3 - 5*m**2 - 2*m**2 + 2*m**2 + 4*m + m**2. Give i(2).
-11
Let r(w) = 2*w - 4. Suppose -2*m = -7*m. Suppose -5*d + 21 = 4*t, t + m*t + d - 5 = 0. Calculate r(t).
4
Suppose 2 = -4*o + 6. Let m(f) = 0*f**2 + 0*f**2 - o - f - 6*f**3. Let l be 1 - 5/((-5)/(-2)). Determine m(l).
6
Let n(o) be the first derivative of -o**2/2 + 3*o + 3. Suppose 2*m - 13 = -1. Let w(b) = -b + 9. Let p be w(m). Give n(p).
0
Let h(a) = -4*a - 1 - 1 + 2. Let m be h(-1). Let d(r) = -r**2 + 5*r - 2. What is d(m)?
2
Let y = 1 + 3. Let q(j) be the third derivative of -j**4/12 + 5*j**3/6 + j**2. Calculate q(y).
-3
Let a(s) be the third derivative of -s**5/20 + s**4/24 + s**3/6 - 12*s**2 - 1. Let c = 3 - 0. Suppose c = -o + 2. What is a(o)?
-3
Suppose y = -0*y. Let k(r) = y + r**3 + 5*r**2 + 5 - 7*r - 1 + 1. What is k(-6)?
11
Suppose -6*s + 3*s + 30 = 0. Suppose 3*d = s - 19. Let m(c) = -c**2 + 3. Determine m(d).
-6
Let v(t) = t - 1. Let o(j) = -j. Let p(x) = -o(x) + 2*v(x). Determine p(5).
13
Let u be 3/4 - (-25)/20. Let i(w) = -w**3 + 3*w**2 + w - 1. Determine i(u).
5
Let h(u) = -2*u**3 - 39*u**2 + 21*u + 30. Let c be h(-20). Let v(g) = -3*g + 6. Determine v(c).
-24
Let c(f) be the first derivative of 2*f**2 + f + 2. Determine c(-1).
-3
Let y(a) = a**3 + 6*a**2 - 3*a - 12. Let i be y(-6). Let g(b) be the second derivative of b**3/6 - 9*b**2/2 + 3*b. What is g(i)?
-3
Let o(b) be the third derivative of 1/20*b**5 - 1/12*b**4 + 0*b**3 + 0 - 4*b**2 + 0*b - 1/720*b**6. Let x(n) be the second derivative of o(n). Calculate x(5).
1
Let n = 12 + -6. Let v be (9/n)/((-3)/(-8)). Let a(i) be the first derivative of i**4/4 - 5*i**3/3 + 5*i**2/2 - 5*i + 19. Give a(v).
-1
Let u be (-6 + 4)/1*1. Let b(t) = t**2 - 3*t - 1. Calculate b(u).
9
Let t = 22 + -16. Let f(k) be the second derivative of k**5/20 - 5*k**4/12 - 5*k**3/6 - 5*k**2/2 + k. Give f(t).
1
Suppose 2*l - j + 38 = 2*j, 0 = -4*l + 2*j - 76. Let d = 14 + l. Let i(c) be the first derivative of c**3/3 + 5*c**2/2 + 4*c + 1. Give i(d).
4
Suppose 2*m + 0 = -12. Let b(l) = l + 1. Let y(o) = 2*o + 4. Let x(g) = -10*g - 21. Let j(f) = -2*x(f) - 11*y(f). Let n(p) = m*j(p) - 11*b(p). What is n(-1)?
0
Let v(q) = -5*q + 6. Let o(k) = 2. Let i(r) = 2*o(r) - v(r). Determine i(4).
18
Let m(l) = l**3 + 3*l**2 - l - 2. Let f be (6 + -4)/((-6)/9). Determine m(f).
1
Let y(h) = 5 + 2*h - h - 6 - 3*h. Give y(4).
-9
Let s(p) be the first derivative of -p**4/4 - 4*p**3/3 + p**2 + p - 1. Let f = -15 + 11. Calculate s(f).
-7
Let j be 2/(-5) - 46/10. Let k(x) = -x - 7. Let w be k(j). Let d(m) = -m**2 - 3*m - 3. Determine d(w).
-1
Let q(t) = 3*t**3 + 4*t**2 + 4*t - 4. Let k(z) = 2*z**3 + 3*z**2 + 3*z - 3. Let j(y) = -4*k(y) + 3*q(y). Let w = -1 + 1. What is j(w)?
0
Let c(y) = y + 2. Let b be c(2). Suppose 0 = b*a - 5 - 3. Suppose 0 = 2*w - a*q - 8, 2*w + 2*w = q + 7. Let k(x) = 3*x**2 - 1. Give k(w).
2
Suppose 5*b - 5*w = 45, 3*b + 2*w - 10 = -2*b. Let p(j) = 0*j**2 + 1 + 0*j**2 + b*j + j**2. Suppose z + 4*z = 4*q - 20, 4*z + 16 = -5*q. Calculate p(z).
1
Let h(j) = -j**2 + 7*j + 10. Let s be h(8). Suppose 0 = -x - 1 + 3. Let g(w) = -w**2 + 4*w + 1 - w**x - 4. Determine g(s).
-3
Let d(j) = j**2 - 3*j - 2. Let q be d(4). Let s(i) = 2*i - 2*i**3 - q - 1 + 0*i**2 + i**3 + 3*i**2. Let g(u) = -u + 4. L